
List the prime factors of 1821.
3, 607
What are the prime factors of 2094?
2, 3, 349
What are the prime factors of 6124?
2, 1531
What are the prime factors of 2002?
2, 7, 11, 13
What are the prime factors of 33543?
3, 3727
List the prime factors of 1692.
2, 3, 47
List the prime factors of 62474.
2, 31237
List the prime factors of 1390.
2, 5, 139
What are the prime factors of 55992?
2, 3, 2333
List the prime factors of 1182.
2, 3, 197
What are the prime factors of 7317?
3, 271
What are the prime factors of 36524?
2, 23, 397
List the prime factors of 4378.
2, 11, 199
List the prime factors of 44.
2, 11
What are the prime factors of 6510?
2, 3, 5, 7, 31
List the prime factors of 5693.
5693
List the prime factors of 542.
2, 271
List the prime factors of 43.
43
List the prime factors of 5796.
2, 3, 7, 23
What are the prime factors of 4992?
2, 3, 13
List the prime factors of 45419.
11, 4129
List the prime factors of 34031.
34031
List the prime factors of 343.
7
What are the prime factors of 3146?
2, 11, 13
List the prime factors of 127823.
17, 73, 103
List the prime factors of 10764.
2, 3, 13, 23
List the prime factors of 2819.
2819
What are the prime factors of 1219?
23, 53
What are the prime factors of 2729?
2729
What are the prime factors of 58793?
7, 37, 227
What are the prime factors of 19753?
19753
List the prime factors of 1444.
2, 19
What are the prime factors of 2040?
2, 3, 5, 17
List the prime factors of 74532.
2, 3, 6211
What are the prime factors of 24874?
2, 12437
List the prime factors of 33782.
2, 7, 19, 127
What are the prime factors of 3241?
7, 463
List the prime factors of 1483.
1483
List the prime factors of 13396.
2, 17, 197
List the prime factors of 480.
2, 3, 5
What are the prime factors of 19839?
3, 17, 389
What are the prime factors of 30710?
2, 5, 37, 83
What are the prime factors of 1470?
2, 3, 5, 7
What are the prime factors of 50003?
31, 1613
List the prime factors of 16081.
13, 1237
What are the prime factors of 2579?
2579
What are the prime factors of 65159?
23, 2833
What are the prime factors of 4405?
5, 881
List the prime factors of 856.
2, 107
List the prime factors of 20538.
2, 3, 7, 163
What are the prime factors of 16098?
2, 3, 2683
What are the prime factors of 2390?
2, 5, 239
List the prime factors of 96527.
96527
What are the prime factors of 105344?
2, 823
List the prime factors of 22029.
3, 7, 1049
List the prime factors of 1057.
7, 151
What are the prime factors of 87075?
3, 5, 43
List the prime factors of 8613.
3, 11, 29
List the prime factors of 29408.
2, 919
What are the prime factors of 3745?
5, 7, 107
What are the prime factors of 1495?
5, 13, 23
What are the prime factors of 8231?
8231
List the prime factors of 1768.
2, 13, 17
List the prime factors of 4911.
3, 1637
List the prime factors of 379.
379
List the prime factors of 84948.
2, 3, 7079
List the prime factors of 12170.
2, 5, 1217
List the prime factors of 2562.
2, 3, 7, 61
List the prime factors of 3174.
2, 3, 23
List the prime factors of 1170.
2, 3, 5, 13
List the prime factors of 6613.
17, 389
List the prime factors of 43067.
43067
What are the prime factors of 2254?
2, 7, 23
What are the prime factors of 25203?
3, 31, 271
List the prime factors of 22446.
2, 3, 29, 43
List the prime factors of 218.
2, 109
List the prime factors of 1658.
2, 829
List the prime factors of 43734.
2, 3, 37, 197
What are the prime factors of 4785?
3, 5, 11, 29
List the prime factors of 42606.
2, 3, 263
What are the prime factors of 11146?
2, 5573
What are the prime factors of 8109?
3, 17, 53
What are the prime factors of 386?
2, 193
List the prime factors of 4860.
2, 3, 5
What are the prime factors of 1627?
1627
What are the prime factors of 6048?
2, 3, 7
What are the prime factors of 351?
3, 13
What are the prime factors of 63341?
97, 653
List the prime factors of 703.
19, 37
List the prime factors of 1312.
2, 41
List the prime factors of 117911.
117911
List the prime factors of 1149.
3, 383
What are the prime factors of 29005?
5, 5801
What are the prime factors of 8206?
2, 11, 373
What are the prime factors of 23845?
5, 19, 251
List the prime factors of 8374.
2, 53, 79
What are the prime factors of 23312?
2, 31, 47
List the prime factors of 6210.
2, 3, 5, 23
What are the prime factors of 22657?
139, 163
What are the prime factors of 8213?
43, 191
List the prime factors of 4398.
2, 3, 733
What are the prime factors of 5187?
3, 7, 13, 19
List the prime factors of 39607.
39607
List the prime factors of 38302.
2, 11, 1741
List the prime factors of 3180.
2, 3, 5, 53
List the prime factors of 236.
2, 59
What are the prime factors of 13530?
2, 3, 5, 11, 41
List the prime factors of 251.
251
What are the prime factors of 569?
569
What are the prime factors of 38276?
2, 7, 1367
List the prime factors of 17297.
7, 353
List the prime factors of 25121.
25121
List the prime factors of 41007.
3, 13669
List the prime factors of 826.
2, 7, 59
What are the prime factors of 47316?
2, 3, 3943
What are the prime factors of 8118?
2, 3, 11, 41
List the prime factors of 496.
2, 31
What are the prime factors of 16191?
3, 7, 257
List the prime factors of 96421.
13, 7417
What are the prime factors of 34462?
2, 17231
List the prime factors of 8055.
3, 5, 179
What are the prime factors of 24451?
7, 499
What are the prime factors of 106797?
3, 97, 367
What are the prime factors of 53579?
131, 409
List the prime factors of 8452.
2, 2113
What are the prime factors of 1592?
2, 199
List the prime factors of 19288.
2, 2411
List the prime factors of 99569.
17, 5857
What are the prime factors of 1140?
2, 3, 5, 19
List the prime factors of 202.
2, 101
List the prime factors of 473.
11, 43
What are the prime factors of 8231?
8231
List the prime factors of 4655.
5, 7, 19
List the prime factors of 44726.
2, 11, 19, 107
What are the prime factors of 14437?
14437
What are the prime factors of 104009?
104009
What are the prime factors of 1183?
7, 13
What are the prime factors of 26743?
47, 569
What are the prime factors of 48828?
2, 3, 13, 313
What are the prime factors of 1002?
2, 3, 167
What are the prime factors of 33729?
3, 11243
What are the prime factors of 7331?
7331
List the prime factors of 616.
2, 7, 11
What are the prime factors of 1617?
3, 7, 11
What are the prime factors of 22434?
2, 3, 3739
What are the prime factors of 1617?
3, 7, 11
What are the prime factors of 4336?
2, 271
What are the prime factors of 17489?
17489
List the prime factors of 112169.
223, 503
List the prime factors of 181.
181
List the prime factors of 1359.
3, 151
What are the prime factors of 33880?
2, 5, 7, 11
List the prime factors of 42939.
3, 13, 367
List the prime factors of 2353.
13, 181
List the prime factors of 4595.
5, 919
List the prime factors of 79394.
2, 7, 53, 107
List the prime factors of 477.
3, 53
List the prime factors of 35789.
13, 2753
What are the prime factors of 5243?
7, 107
What are the prime factors of 2435?
5, 487
List the prime factors of 19365.
3, 5, 1291
What are the prime factors of 12017?
61, 197
List the prime factors of 6498.
2, 3, 19
What are the prime factors of 8071?
7, 1153
What are the prime factors of 7207?
7207
List the prime factors of 11420.
2, 5, 571
List the prime factors of 27004.
2, 43, 157
What are the prime factors of 44204?
2, 43, 257
What are the prime factors of 31322?
2, 15661
What are the prime factors of 2159?
17, 127
What are the prime factors of 5413?
5413
What are the prime factors of 4130?
2, 5, 7, 59
What are the prime factors of 351?
3, 13
What are the prime factors of 6438?
2, 3, 29, 37
List the prime factors of 186.
2, 3, 31
List the prime factors of 13551.
3, 4517
What are the prime factors of 3178?
2, 7, 227
List the prime factors of 1509.
3, 503
List the prime factors of 1685.
5, 337
List the prime factors of 33424.
2, 2089
What are the prime factors of 3904?
2, 61
What are the prime factors of 29288?
2, 7, 523
What are the prime factors of 7459?
7459
List the prime factors of 2788.
2, 17, 41
What are the prime factors of 13751?
13751
List the prime factors of 342.
2, 3, 19
List the prime factors of 7459.
7459
List the prime factors of 11518.
2, 13, 443
What are the prime factors of 11654?
2, 5827
What are the prime factors of 6860?
2, 5, 7
What are th